 - 5*o, o + 12 = 3*p. Calculate the greatest common factor of p and 48.
3
Let s(h) = -18*h - 11. Let j be s(-2). Suppose -22*l = -j*l + 255. Calculate the highest common divisor of l and 34.
17
Let i = 315 + -291. What is the highest common divisor of i and 88?
8
Let b(s) = s**3 + 21*s**2 + 39*s + 25. Let c be b(-19). Let m = 314 + -218. What is the highest common divisor of m and c?
6
Suppose -3*c + 4*c = 7. Let u(g) = -g**2 - 11*g + 5. Let s be u(-11). Let o = 9 + s. Calculate the highest common factor of o and c.
7
Let r(o) = o + 125. Let a be r(22). Calculate the highest common factor of 105 and a.
21
Let w be (-5 + 0)/(3 + 174/(-57)). Calculate the highest common factor of w and 19.
19
Suppose -4*f = -4*h - h + 34, -9 = -h + 3*f. Let u be (-2)/(-1) + (-1 - -5)*16. Calculate the greatest common divisor of u and h.
6
Let x(n) = -n**2 - 36*n - 170. Let c be x(-29). What is the highest common divisor of 429 and c?
33
Let t = 255 + -448. Let c be 2 + 2/1 + t. Let y = -89 - c. What is the highest common divisor of 40 and y?
20
Let z = 699 - 400. Calculate the greatest common factor of z and 39.
13
Let k be (-63)/15*(-6390)/54. Calculate the highest common divisor of k and 213.
71
Let i be (-14 + 66/3)*22/4. Calculate the greatest common factor of 880 and i.
44
Let m = -782 - -840. What is the highest common divisor of m and 551?
29
Suppose 7*y + 106 = 5*y. Let t = y - -22. Let h = -11 - t. Calculate the greatest common divisor of 4 and h.
4
Let s = 322 - 190. Suppose 2*g - s = 4*i - i, 5*i + 80 = g. Calculate the highest common divisor of 36 and g.
12
Let m = -160 - -178. Calculate the greatest common divisor of 99 and m.
9
Let v = 12 - -38. Let a be (0 - -28)/(-4 - -3). Let o = a + v. What is the greatest common factor of 198 and o?
22
Suppose -3*o = -6, -3*o + 6 = 5*m + 70. Let d(n) = -14*n - 20. Let x be d(m). Let t = 16 - 0. What is the greatest common factor of x and t?
16
Suppose 13*v - 8 = 17*v. Let h be (43 - v)*4/6. Calculate the highest common divisor of 15 and h.
15
Let z(f) be the third derivative of f**6/120 + 3*f**5/20 + f**4/8 + 3*f**3/2 - 12*f**2. Let t be z(-8). What is the greatest common divisor of t and 7?
7
Suppose -6*i + 273 = -3*i. Calculate the greatest common factor of i and 13.
13
Let h(u) = -96*u - 165. Let d be h(-5). Calculate the greatest common factor of 35 and d.
35
Suppose -10*w = -410 - 970. Calculate the greatest common divisor of 92 and w.
46
Suppose -q + 5*q + 1 = n, 0 = 5*n - 5*q - 5. Suppose 3*s - s = 14. Calculate the highest common factor of n and s.
1
Let k be (1139/51)/((-2)/(-6)). Suppose -k = -2*j + f + 18, 4*j = -5*f + 191. What is the greatest common divisor of 11 and j?
11
Suppose -120 - 636 = -54*q. What is the highest common factor of 854 and q?
14
Let s = -857 - -1501. What is the highest common divisor of s and 28?
28
Suppose 0 = -2*s + 84 + 276. Calculate the greatest common factor of s and 108.
36
Let f(g) = 32*g + g**2 - 69*g - 51 + 34*g. Let o be f(12). Suppose 3*r - 57 = -0*r. What is the greatest common factor of r and o?
19
Let v(g) = -6*g + 10. Let y(n) = 7*n - 9. Let d(t) = 6*v(t) + 7*y(t). Let i be d(2). Calculate the greatest common factor of 23 and i.
23
Let a(o) = -o**2 + 11*o - 5. Let s be a(10). Suppose -k = s*k. Suppose 0 = 4*u - k*u - 36. What is the greatest common factor of 45 and u?
9
Suppose -406 + 2266 = 4*r + 3*m, -2*r - 2*m + 932 = 0. Let g = -327 + r. Calculate the greatest common divisor of 54 and g.
27
Let w = -41 + 39. Let v(x) = -10*x**3 - 3*x**2 - 3*x - 2. Let k be v(w). What is the highest common divisor of k and 18?
18
Suppose 2*m - 8*m = -30. Suppose 24 = m*a + 5*j - 6, 5*a - 24 = -2*j. Suppose 2*l + 20 = a*l. What is the highest common factor of l and 10?
10
Let t = 1798 + -1792. Calculate the highest common factor of t and 1080.
6
Let q(f) = -f**3 + 6*f**2 + 11*f - 4. Let i be q(7). Let k be (0 + 8)*(-3)/(-12). Suppose k*d - 4*d = -72. What is the highest common divisor of d and i?
12
Let i be (-6 + -1)*(0 + -1). Let g = 98 + -103. Let a = g + i. What is the highest common factor of 3 and a?
1
Let o be (-37)/2 + 12/8. Let x(j) = -3*j - 15. Let i be x(o). What is the highest common factor of 252 and i?
36
Let l = 559 - 479. Calculate the greatest common factor of l and 10.
10
Let r(o) = o**3 - 17*o**2 + 18*o + 4. Let t be r(16). Suppose 10*h - 12*h = -t. What is the greatest common factor of 45 and h?
9
Let p = -7 - -17. Suppose 0 = -6*h + 9*h - 642. Suppose 0*k - h = -3*k - o, 2*o = -5*k + 358. Calculate the highest common divisor of p and k.
10
Let i(m) = 452*m**3 - 3*m**2 + 2*m. Let n be i(1). Calculate the highest common factor of n and 82.
41
Let q = -16 + 32. Let g(j) = -j + 4*j**2 - 4*j - 5*j - 5*j**2 + 16. Let b be g(-8). Calculate the highest common divisor of b and q.
16
Let f = 7 - 8. Let p be -3*((-4 - f) + 6). Let d be ((-104)/6)/(3/p). Calculate the greatest common factor of 13 and d.
13
Suppose -f - 2*h - 1 = 0, -2*f + 25 = -8*h + 3*h. Let v(n) = -n**3 - 10*n**2 + 20*n - 43. Let p be v(-12). What is the greatest common factor of f and p?
5
Let a = 20 + -15. Suppose -a*s + 114 - 39 = 0. Calculate the highest common divisor of 10 and s.
5
Let g(l) = 3*l**2 + 3*l + 42. Let o be g(-10). What is the highest common divisor of 24 and o?
24
Suppose 0 = y - 3. Suppose y*b + 2*b = -10. Let c be (-108)/(-60) + b/(-10). What is the highest common factor of c and 18?
2
Suppose -2*r + 0*r + 115 = -q, 0 = 2*r + 2*q - 118. Let p = r + -28. Calculate the greatest common factor of p and 75.
15
Let j(i) = 40*i + 40. Let l be j(3). Calculate the greatest common factor of l and 5.
5
Suppose -299 = -2*l + 3*z, 0 = 5*l + 3*z - 2*z - 756. Let s be (-2)/(-1 + -1) + -68. Let d = s + l. Calculate the highest common divisor of 12 and d.
12
Suppose -5*c - 2*r + 123 = -3*r, -2*c + 2*r + 54 = 0. Let s = 140 + -104. What is the greatest common divisor of s and c?
12
Suppose 0 = -b - 2*u + 8 + 2, -2*b = 5*u - 17. Suppose -2*g - 3 = -19. Calculate the highest common factor of g and b.
8
Let z = 2 - -10. Suppose -3*h - 33 = -357. What is the greatest common factor of z and h?
12
Let m be 8 + 114/(-14) + (-478)/(-14). Calculate the greatest common factor of 986 and m.
34
Suppose -q = 2*j - 24, -5*q - 4*j = -3*j - 156. Suppose -2*n + q = t, 3*t - 76 = n + 20. Calculate the greatest common divisor of t and 160.
32
Let q = 31 - 22. Let b = 17 - q. What is the greatest common divisor of b and 88?
8
Suppose 3*z - 4*s - 176 = 0, -228 - 44 = -4*z - 4*s. Calculate the greatest common factor of 168 and z.
8
Let g(n) = -11*n - 77. Let v be g(-8). Calculate the highest common divisor of v and 1397.
11
Let f = -431 - -575. What is the greatest common factor of 90 and f?
18
Let l = 7 - 4. Let r = 285 - 284. What is the highest common divisor of r and l?
1
Suppose -6 = m - 12. Let y(f) = f - 6. Let q be y(m). Suppose 0 = 3*i - 3*k - 750, -3*k = -q*i + 3*i - 768. What is the greatest common divisor of i and 23?
23
Let s(j) = -4*j + 9. Let f be s(-10). Calculate the greatest common divisor of 392 and f.
49
Let f = 122 + -122. Suppose f = -2*m + 178 - 66. What is the highest common factor of 14 and m?
14
Let u(z) = -8*z + 107. Let f be u(-5). What is the greatest common divisor of f and 196?
49
Suppose -2*z = 2*u - 674, 3*z + 5*u - 411 - 590 = 0. What is the highest common factor of z and 38?
38
Let k be (2/6)/(2/30). Suppose -26*q + 12 = -24*q. Let f(j) = j**2 - 3*j - 3. Let s be f(q). What is the greatest common divisor of k and s?
5
Suppose -3*i + 9 = -3*l, -3*l + 2*i - 6 = -0*i. Suppose 5*d = 2*d + 69. Suppose l = p - 2*p + d. Calculate the highest common factor of p and 138.
23
Suppose -4*q + 12 = -3*a - 12, -3*a = 4*q. Suppose 6*u + 111 = 27. Let i = a - u. Calculate the greatest common divisor of i and 90.
10
Suppose 2*a - 2*s - 92 = 0, 0 = -5*a + 2*s + 45 + 179. Suppose -2*v + 0*v = -a. Calculate the highest common factor of v and 154.
22
Let j = -705 + 1314. Calculate the highest common factor of 174 and j.
87
Let p be ((-5)/((-10)/(-8)))/(-1). Let d be 30/40 - (-58)/8. Calculate the highest common divisor of p and d.
4
Let x be (5/(-3) - -3)*39. Suppose -j + 3*m + 0*m = -23, 0 = -3*j + m + 77. What is the greatest common divisor of x and j?
26
Let y(t) = -2*t**2 + 8*t + 20. Let m be